{"id":7,"date":"2019-11-07T11:38:47","date_gmt":"2019-11-07T10:38:47","guid":{"rendered":"http:\/\/ideehorizon.fr\/?page_id=7"},"modified":"2020-07-15T12:03:50","modified_gmt":"2020-07-15T10:03:50","slug":"videos","status":"publish","type":"page","link":"https:\/\/ideehorizon.fr\/index.php\/videos\/","title":{"rendered":"Vid\u00e9os"},"content":{"rendered":"\n<p>Je pr\u00e9sente sur cette page des vid\u00e9os que je trouve pertinentes dans le cadre des r\u00e9flexions sur l&#8217;horizon. <\/p>\n\n\n\n<p><strong>Conversation Carlos Tavares &#8211; Philippe Bihouix<\/strong><\/p>\n\n\n\n<p>Cette discussion entre Carlos Tavares, Pr\u00e9sident du directoire de PSA (Peugeot) et Philippe Bihouix (sp\u00e9cialiste du sujet des ressources) est passionnante. M. Tavares semble avoir conscience de tous les probl\u00e8mes de limitation des ressources qui se profilent \u00e0 l&#8217;horizon mais semble repousser la responsabilit\u00e9 sur la demande du march\u00e9 et les autorit\u00e9s de r\u00e9glementation au niveau europ\u00e9en. Il reconnait tout de m\u00eame en partie que un int\u00e9r\u00eat pour un mod\u00e8le diff\u00e9rent de mobilit\u00e9 seulement en Europe ne serait pas rentable pour PSA. On peut ajouter que la vente d&#8217;un SUV sera aussi surement moins rentable que la vente d&#8217;un v\u00e9hicule l\u00e9ger avec beaucoup moins de confort et d&#8217;options.<\/p>\n\n\n\n<figure class=\"wp-block-embed-youtube wp-block-embed is-type-video is-provider-youtube wp-embed-aspect-16-9 wp-has-aspect-ratio\"><div class=\"wp-block-embed__wrapper\">\n<iframe loading=\"lazy\" title=\"Groupe PSA - 7 Mega Trends \u2013 Economie du partage \/ Sharing economy - Full Version\" width=\"810\" height=\"456\" src=\"https:\/\/www.youtube.com\/embed\/7Uv-qiIK-o8?feature=oembed\" frameborder=\"0\" allow=\"accelerometer; autoplay; encrypted-media; gyroscope; picture-in-picture\" allowfullscreen><\/iframe>\n<\/div><\/figure>\n","protected":false},"excerpt":{"rendered":"<p>Je pr\u00e9sente sur cette page des vid\u00e9os que je trouve pertinentes dans le cadre des r\u00e9flexions sur l&#8217;horizon. Conversation Carlos<\/p>\n","protected":false},"author":1,"featured_media":0,"parent":0,"menu_order":0,"comment_status":"closed","ping_status":"closed","template":"","meta":{"advgb_blocks_editor_width":"","advgb_blocks_columns_visual_guide":"","_monsterinsights_skip_tracking":false,"_monsterinsights_sitenote_active":false,"_monsterinsights_sitenote_note":"","_monsterinsights_sitenote_category":0},"yoast_head":"<!-- This site is optimized with the Yoast SEO plugin v17.5 - https:\/\/yoast.com\/wordpress\/plugins\/seo\/ -->\n<title>Vid\u00e9os - Des id\u00e9es pour l&#039;horizon<\/title>\n<meta name=\"robots\" content=\"index, follow, max-snippet:-1, max-image-preview:large, max-video-preview:-1\" \/>\n<link rel=\"canonical\" href=\"http:\/\/ideehorizon.fr\/index.php\/videos\/\" \/>\n<meta property=\"og:locale\" content=\"fr_FR\" \/>\n<meta property=\"og:type\" content=\"article\" \/>\n<meta property=\"og:title\" content=\"Vid\u00e9os - Des id\u00e9es pour l&#039;horizon\" \/>\n<meta property=\"og:description\" content=\"Je pr\u00e9sente sur cette page des vid\u00e9os que je trouve pertinentes dans le cadre des r\u00e9flexions sur l&#8217;horizon. Conversation Carlos\" \/>\n<meta property=\"og:url\" content=\"http:\/\/ideehorizon.fr\/index.php\/videos\/\" \/>\n<meta property=\"og:site_name\" content=\"Des id\u00e9es pour l&#039;horizon\" \/>\n<meta property=\"article:modified_time\" content=\"2020-07-15T10:03:50+00:00\" \/>\n<meta name=\"twitter:card\" content=\"summary_large_image\" \/>\n<meta name=\"twitter:label1\" content=\"Dur\u00e9e de lecture est.\" \/>\n\t<meta name=\"twitter:data1\" content=\"1 minute\" \/>\n<script type=\"application\/ld+json\" class=\"yoast-schema-graph\">{\"@context\":\"https:\/\/schema.org\",\"@graph\":[{\"@type\":\"Organization\",\"@id\":\"https:\/\/ideehorizon.fr\/#organization\",\"name\":\"Id\\u00e9e Horizon\",\"url\":\"https:\/\/ideehorizon.fr\/\",\"sameAs\":[],\"logo\":{\"@type\":\"ImageObject\",\"@id\":\"https:\/\/ideehorizon.fr\/#logo\",\"inLanguage\":\"fr-FR\",\"url\":\"http:\/\/ideehorizon.fr\/wp-content\/uploads\/2020\/07\/Logo-IdeeHorizon.jpg\",\"contentUrl\":\"http:\/\/ideehorizon.fr\/wp-content\/uploads\/2020\/07\/Logo-IdeeHorizon.jpg\",\"width\":146,\"height\":96,\"caption\":\"Id\\u00e9e Horizon\"},\"image\":{\"@id\":\"https:\/\/ideehorizon.fr\/#logo\"}},{\"@type\":\"WebSite\",\"@id\":\"https:\/\/ideehorizon.fr\/#website\",\"url\":\"https:\/\/ideehorizon.fr\/\",\"name\":\"Des id\\u00e9es pour l&#039;horizon\",\"description\":\"Imaginons un futur souhaitable\",\"publisher\":{\"@id\":\"https:\/\/ideehorizon.fr\/#organization\"},\"potentialAction\":[{\"@type\":\"SearchAction\",\"target\":{\"@type\":\"EntryPoint\",\"urlTemplate\":\"https:\/\/ideehorizon.fr\/?s={search_term_string}\"},\"query-input\":\"required name=search_term_string\"}],\"inLanguage\":\"fr-FR\"},{\"@type\":\"WebPage\",\"@id\":\"http:\/\/ideehorizon.fr\/index.php\/videos\/#webpage\",\"url\":\"http:\/\/ideehorizon.fr\/index.php\/videos\/\",\"name\":\"Vid\\u00e9os - Des id\\u00e9es pour l&#039;horizon\",\"isPartOf\":{\"@id\":\"https:\/\/ideehorizon.fr\/#website\"},\"datePublished\":\"2019-11-07T10:38:47+00:00\",\"dateModified\":\"2020-07-15T10:03:50+00:00\",\"breadcrumb\":{\"@id\":\"http:\/\/ideehorizon.fr\/index.php\/videos\/#breadcrumb\"},\"inLanguage\":\"fr-FR\",\"potentialAction\":[{\"@type\":\"ReadAction\",\"target\":[\"http:\/\/ideehorizon.fr\/index.php\/videos\/\"]}]},{\"@type\":\"BreadcrumbList\",\"@id\":\"http:\/\/ideehorizon.fr\/index.php\/videos\/#breadcrumb\",\"itemListElement\":[{\"@type\":\"ListItem\",\"position\":1,\"name\":\"Accueil\",\"item\":\"https:\/\/ideehorizon.fr\/\"},{\"@type\":\"ListItem\",\"position\":2,\"name\":\"Vid\\u00e9os\"}]}]}<\/script>\n<!-- \/ Yoast SEO plugin. -->","yoast_head_json":{"title":"Vid\u00e9os - Des id\u00e9es pour l&#039;horizon","robots":{"index":"index","follow":"follow","max-snippet":"max-snippet:-1","max-image-preview":"max-image-preview:large","max-video-preview":"max-video-preview:-1"},"canonical":"http:\/\/ideehorizon.fr\/index.php\/videos\/","og_locale":"fr_FR","og_type":"article","og_title":"Vid\u00e9os - Des id\u00e9es pour l&#039;horizon","og_description":"Je pr\u00e9sente sur cette page des vid\u00e9os que je trouve pertinentes dans le cadre des r\u00e9flexions sur l&#8217;horizon. Conversation Carlos","og_url":"http:\/\/ideehorizon.fr\/index.php\/videos\/","og_site_name":"Des id\u00e9es pour l&#039;horizon","article_modified_time":"2020-07-15T10:03:50+00:00","twitter_card":"summary_large_image","twitter_misc":{"Dur\u00e9e de lecture est.":"1 minute"},"schema":{"@context":"https:\/\/schema.org","@graph":[{"@type":"Organization","@id":"https:\/\/ideehorizon.fr\/#organization","name":"Id\u00e9e Horizon","url":"https:\/\/ideehorizon.fr\/","sameAs":[],"logo":{"@type":"ImageObject","@id":"https:\/\/ideehorizon.fr\/#logo","inLanguage":"fr-FR","url":"http:\/\/ideehorizon.fr\/wp-content\/uploads\/2020\/07\/Logo-IdeeHorizon.jpg","contentUrl":"http:\/\/ideehorizon.fr\/wp-content\/uploads\/2020\/07\/Logo-IdeeHorizon.jpg","width":146,"height":96,"caption":"Id\u00e9e Horizon"},"image":{"@id":"https:\/\/ideehorizon.fr\/#logo"}},{"@type":"WebSite","@id":"https:\/\/ideehorizon.fr\/#website","url":"https:\/\/ideehorizon.fr\/","name":"Des id\u00e9es pour l&#039;horizon","description":"Imaginons un futur souhaitable","publisher":{"@id":"https:\/\/ideehorizon.fr\/#organization"},"potentialAction":[{"@type":"SearchAction","target":{"@type":"EntryPoint","urlTemplate":"https:\/\/ideehorizon.fr\/?s={search_term_string}"},"query-input":"required name=search_term_string"}],"inLanguage":"fr-FR"},{"@type":"WebPage","@id":"http:\/\/ideehorizon.fr\/index.php\/videos\/#webpage","url":"http:\/\/ideehorizon.fr\/index.php\/videos\/","name":"Vid\u00e9os - Des id\u00e9es pour l&#039;horizon","isPartOf":{"@id":"https:\/\/ideehorizon.fr\/#website"},"datePublished":"2019-11-07T10:38:47+00:00","dateModified":"2020-07-15T10:03:50+00:00","breadcrumb":{"@id":"http:\/\/ideehorizon.fr\/index.php\/videos\/#breadcrumb"},"inLanguage":"fr-FR","potentialAction":[{"@type":"ReadAction","target":["http:\/\/ideehorizon.fr\/index.php\/videos\/"]}]},{"@type":"BreadcrumbList","@id":"http:\/\/ideehorizon.fr\/index.php\/videos\/#breadcrumb","itemListElement":[{"@type":"ListItem","position":1,"name":"Accueil","item":"https:\/\/ideehorizon.fr\/"},{"@type":"ListItem","position":2,"name":"Vid\u00e9os"}]}]}},"coauthors":[],"author_meta":{"author_link":"https:\/\/ideehorizon.fr\/index.php\/author\/admin1885\/","display_name":"Jerome"},"relative_dates":{"created":"Posted 6 ans ago","modified":"Updated 6 ans ago"},"absolute_dates":{"created":"Posted on 07\/11\/2019","modified":"Updated on 15\/07\/2020"},"absolute_dates_time":{"created":"Posted on 07\/11\/2019 11:38","modified":"Updated on 15\/07\/2020 12:03"},"featured_img_caption":"","featured_img":false,"uagb_featured_image_src":{"full":false,"thumbnail":false,"medium":false,"medium_large":false,"large":false,"1536x1536":false,"2048x2048":false,"post-thumbnail":false,"wellington-slider-image":false,"wellington-thumbnail-small":false,"wellington-thumbnail-medium":false,"wellington-thumbnail-large":false,"mailpoet_newsletter_max":false},"uagb_author_info":{"display_name":"Jerome","author_link":"https:\/\/ideehorizon.fr\/index.php\/author\/admin1885\/"},"uagb_comment_info":0,"uagb_excerpt":"Je pr\u00e9sente sur cette page des vid\u00e9os que je trouve pertinentes dans le cadre des r\u00e9flexions sur l&#8217;horizon. Conversation Carlos","_links":{"self":[{"href":"https:\/\/ideehorizon.fr\/index.php\/wp-json\/wp\/v2\/pages\/7"}],"collection":[{"href":"https:\/\/ideehorizon.fr\/index.php\/wp-json\/wp\/v2\/pages"}],"about":[{"href":"https:\/\/ideehorizon.fr\/index.php\/wp-json\/wp\/v2\/types\/page"}],"author":[{"embeddable":true,"href":"https:\/\/ideehorizon.fr\/index.php\/wp-json\/wp\/v2\/users\/1"}],"replies":[{"embeddable":true,"href":"https:\/\/ideehorizon.fr\/index.php\/wp-json\/wp\/v2\/comments?post=7"}],"version-history":[{"count":4,"href":"https:\/\/ideehorizon.fr\/index.php\/wp-json\/wp\/v2\/pages\/7\/revisions"}],"predecessor-version":[{"id":305,"href":"https:\/\/ideehorizon.fr\/index.php\/wp-json\/wp\/v2\/pages\/7\/revisions\/305"}],"wp:attachment":[{"href":"https:\/\/ideehorizon.fr\/index.php\/wp-json\/wp\/v2\/media?parent=7"}],"curies":[{"name":"wp","href":"https:\/\/api.w.org\/{rel}","templated":true}]}}

Vidéos

<p>Je présente sur cette page des vidéos que je trouve pertinentes dans le cadre des réflexions sur l&#8217;horizon. </p>



<p><strong>Conversation Carlos Tavares &#8211; Philippe Bihouix</strong></p>



<p>Cette discussion entre Carlos Tavares, Président du directoire de PSA (Peugeot) et Philippe Bihouix (spécialiste du sujet des ressources) est passionnante. M. Tavares semble avoir conscience de tous les problèmes de limitation des ressources qui se profilent à l&#8217;horizon mais semble repousser la responsabilité sur la demande du marché et les autorités de réglementation au niveau européen. Il reconnait tout de même en partie que un intérêt pour un modèle différent de mobilité seulement en Europe ne serait pas rentable pour PSA. On peut ajouter que la vente d&#8217;un SUV sera aussi surement moins rentable que la vente d&#8217;un véhicule léger avec beaucoup moins de confort et d&#8217;options.</p>



<figure class="wp-block-embed-youtube wp-block-embed is-type-video is-provider-youtube wp-embed-aspect-16-9 wp-has-aspect-ratio"><div class="wp-block-embed__wrapper">
<iframe loading="lazy" title="Groupe PSA - 7 Mega Trends – Economie du partage / Sharing economy - Full Version" width="810" height="456" src="https://www.youtube.com/embed/7Uv-qiIK-o8?feature=oembed" frameborder="0" allow="accelerometer; autoplay; encrypted-media; gyroscope; picture-in-picture" allowfullscreen></iframe>
</div></figure>

<p>Je présente sur cette page des vidéos que je trouve pertinentes dans le cadre des réflexions sur l&#8217;horizon. Conversation Carlos</p>

<!-- This site is optimized with the Yoast SEO plugin v17.5 - https://yoast.com/wordpress/plugins/seo/ -->
<title>Vidéos - Des idées pour l&#039;horizon</title>
<meta name="robots" content="index, follow, max-snippet:-1, max-image-preview:large, max-video-preview:-1" />
<link rel="canonical" href="http://ideehorizon.fr/index.php/videos/" />
<meta property="og:locale" content="fr_FR" />
<meta property="og:type" content="article" />
<meta property="og:title" content="Vidéos - Des idées pour l&#039;horizon" />
<meta property="og:description" content="Je présente sur cette page des vidéos que je trouve pertinentes dans le cadre des réflexions sur l&#8217;horizon. Conversation Carlos" />
<meta property="og:url" content="http://ideehorizon.fr/index.php/videos/" />
<meta property="og:site_name" content="Des idées pour l&#039;horizon" />
<meta property="article:modified_time" content="2020-07-15T10:03:50+00:00" />
<meta name="twitter:card" content="summary_large_image" />
<meta name="twitter:label1" content="Durée de lecture est." />
	<meta name="twitter:data1" content="1 minute" />
<script type="application/ld+json" class="yoast-schema-graph">{"@context":"https://schema.org","@graph":[{"@type":"Organization","@id":"https://ideehorizon.fr/#organization","name":"Id\u00e9e Horizon","url":"https://ideehorizon.fr/","sameAs":[],"logo":{"@type":"ImageObject","@id":"https://ideehorizon.fr/#logo","inLanguage":"fr-FR","url":"http://ideehorizon.fr/wp-content/uploads/2020/07/Logo-IdeeHorizon.jpg","contentUrl":"http://ideehorizon.fr/wp-content/uploads/2020/07/Logo-IdeeHorizon.jpg","width":146,"height":96,"caption":"Id\u00e9e Horizon"},"image":{"@id":"https://ideehorizon.fr/#logo"}},{"@type":"WebSite","@id":"https://ideehorizon.fr/#website","url":"https://ideehorizon.fr/","name":"Des id\u00e9es pour l&#039;horizon","description":"Imaginons un futur souhaitable","publisher":{"@id":"https://ideehorizon.fr/#organization"},"potentialAction":[{"@type":"SearchAction","target":{"@type":"EntryPoint","urlTemplate":"https://ideehorizon.fr/?s={search_term_string}"},"query-input":"required name=search_term_string"}],"inLanguage":"fr-FR"},{"@type":"WebPage","@id":"http://ideehorizon.fr/index.php/videos/#webpage","url":"http://ideehorizon.fr/index.php/videos/","name":"Vid\u00e9os - Des id\u00e9es pour l&#039;horizon","isPartOf":{"@id":"https://ideehorizon.fr/#website"},"datePublished":"2019-11-07T10:38:47+00:00","dateModified":"2020-07-15T10:03:50+00:00","breadcrumb":{"@id":"http://ideehorizon.fr/index.php/videos/#breadcrumb"},"inLanguage":"fr-FR","potentialAction":[{"@type":"ReadAction","target":["http://ideehorizon.fr/index.php/videos/"]}]},{"@type":"BreadcrumbList","@id":"http://ideehorizon.fr/index.php/videos/#breadcrumb","itemListElement":[{"@type":"ListItem","position":1,"name":"Accueil","item":"https://ideehorizon.fr/"},{"@type":"ListItem","position":2,"name":"Vid\u00e9os"}]}]}</script>
<!-- / Yoast SEO plugin. -->

Vidéos - Des idées pour l&#039;horizon

Je présente sur cette page des vidéos que je trouve pertinentes dans le cadre des réflexions sur l&#8217;horizon. Conversation Carlos

Des idées pour l&#039;horizon

Idée Horizon
