{"id":10,"date":"2019-11-07T11:38:49","date_gmt":"2019-11-07T10:38:49","guid":{"rendered":"http:\/\/ideehorizon.fr\/?page_id=10"},"modified":"2019-12-11T14:42:24","modified_gmt":"2019-12-11T13:42:24","slug":"a-propos","status":"publish","type":"page","link":"https:\/\/ideehorizon.fr\/index.php\/a-propos\/","title":{"rendered":"A propos"},"content":{"rendered":"\n<p>L&#8217;horizon est la ligne vers laquelle nous nous dirigeons lorsque nous partons en mer. Elle tient en elle une part d&#8217;inconnue potentiellement intimidante mais que nous souhaitons d\u00e9couvrir. D&#8217;un point de vue temporel, l&#8217;horizon est aussi notre avenir avec \u00e9galement sa part d&#8217;inconnue.<\/p>\n\n\n\n<p>L&#8217;humanit\u00e9 est entr\u00e9e dans une phase de transition impos\u00e9e par des \u00e9volutions soci\u00e9tales, tels que la globalisation de l&#8217;\u00e9conomie et la transformation engendr\u00e9e par les outils num\u00e9riques, mais \u00e9galement par les contraintes nouvelles que sont le changement climatique, l&#8217;effondrement de la biodiversit\u00e9, et l&#8217;explosion des pollutions.<\/p>\n\n\n\n<p>Cette phase de transition pr\u00e9sente de grandes incertitudes parce qu&#8217;elle remet en cause plusieurs fondements de nos soci\u00e9t\u00e9s, particuli\u00e8rement dans nos soci\u00e9t\u00e9s occidentales.<\/p>\n\n\n\n<p>Avec le site des Id\u00e9es pour l&#8217;Horizon, je souhaite partager mes r\u00e9flexions et id\u00e9es sur l&#8217;avenir de notre soci\u00e9t\u00e9 en prenant en compte l&#8217;ensemble des transformations et contraintes que nous observons d\u00e8s aujourd&#8217;hui et qui vont s&#8217;amplifier rapidement. Il nous faut d\u00e8s \u00e0 pr\u00e9sent r\u00e9fl\u00e9chir \u00e0 la soci\u00e9t\u00e9 dans laquelle nous souhaitons vivre prenant en compte les relations humaines et notre rapport \u00e0 l&#8217;environnement. Les articles peuvent couvrir aussi bien un sujet de fond prospectif qu&#8217;une actualit\u00e9 significative dans ce cadre de r\u00e9flexion sur l&#8217;avenir souhaitable.<\/p>\n\n\n\n<p>Etant un fervent adepte de l&#8217;intelligence collective, j&#8217;esp\u00e8re que rapidement je pourrais amener d&#8217;autres personnes \u00e0 contribuer \u00e0 cette r\u00e9flexion sur ce m\u00eame site.<\/p>\n\n\n\n<p>Jerome Cuny<\/p>\n\n\n\n<p class=\"has-small-font-size\"><strong>Cr\u00e9dit<\/strong>: <em>L&#8217;image pr\u00e9sent\u00e9 dans l&#8217;ent\u00eate de ce site est le travail de <a href=\"https:\/\/www.flickr.com\/photos\/126654539@N08\/36604260101\/\">Phil Dolby (Strumble Head Lighthouse, Pembrokeshire, Wales, UK)<\/a>. L&#8217;image a \u00e9t\u00e9 invers\u00e9e horizontalement et rogn\u00e9e de \u00e0 chaque extr\u00e9mit\u00e9 horizontale. Cette image est utilis\u00e9e selon les droits d&#8217;utilisation Creative Commons (<a href=\"https:\/\/creativecommons.org\/licenses\/by\/2.0\/\">CC BY 2.0<\/a>).<\/em><\/p>\n\n\n\n<p> <\/p>\n\n\n\n<p><\/p>\n","protected":false},"excerpt":{"rendered":"<p>L&#8217;horizon est la ligne vers laquelle nous nous dirigeons lorsque nous partons en mer. Elle tient en elle une part<\/p>\n","protected":false},"author":1,"featured_media":0,"parent":0,"menu_order":0,"comment_status":"closed","ping_status":"closed","template":"","meta":{"advgb_blocks_editor_width":"","advgb_blocks_columns_visual_guide":"","_monsterinsights_skip_tracking":false,"_monsterinsights_sitenote_active":false,"_monsterinsights_sitenote_note":"","_monsterinsights_sitenote_category":0},"yoast_head":"<!-- This site is optimized with the Yoast SEO plugin v17.5 - https:\/\/yoast.com\/wordpress\/plugins\/seo\/ -->\n<title>A propos - Des id\u00e9es pour l&#039;horizon<\/title>\n<meta name=\"robots\" content=\"index, follow, max-snippet:-1, max-image-preview:large, max-video-preview:-1\" \/>\n<link rel=\"canonical\" href=\"http:\/\/ideehorizon.fr\/index.php\/a-propos\/\" \/>\n<meta property=\"og:locale\" content=\"fr_FR\" \/>\n<meta property=\"og:type\" content=\"article\" \/>\n<meta property=\"og:title\" content=\"A propos - Des id\u00e9es pour l&#039;horizon\" \/>\n<meta property=\"og:description\" content=\"L&#8217;horizon est la ligne vers laquelle nous nous dirigeons lorsque nous partons en mer. Elle tient en elle une part\" \/>\n<meta property=\"og:url\" content=\"http:\/\/ideehorizon.fr\/index.php\/a-propos\/\" \/>\n<meta property=\"og:site_name\" content=\"Des id\u00e9es pour l&#039;horizon\" \/>\n<meta property=\"article:modified_time\" content=\"2019-12-11T13:42:24+00:00\" \/>\n<meta name=\"twitter:card\" content=\"summary_large_image\" \/>\n<meta name=\"twitter:label1\" content=\"Dur\u00e9e de lecture est.\" \/>\n\t<meta name=\"twitter:data1\" content=\"1 minute\" \/>\n<script type=\"application\/ld+json\" class=\"yoast-schema-graph\">{\"@context\":\"https:\/\/schema.org\",\"@graph\":[{\"@type\":\"Organization\",\"@id\":\"https:\/\/ideehorizon.fr\/#organization\",\"name\":\"Id\\u00e9e Horizon\",\"url\":\"https:\/\/ideehorizon.fr\/\",\"sameAs\":[],\"logo\":{\"@type\":\"ImageObject\",\"@id\":\"https:\/\/ideehorizon.fr\/#logo\",\"inLanguage\":\"fr-FR\",\"url\":\"http:\/\/ideehorizon.fr\/wp-content\/uploads\/2020\/07\/Logo-IdeeHorizon.jpg\",\"contentUrl\":\"http:\/\/ideehorizon.fr\/wp-content\/uploads\/2020\/07\/Logo-IdeeHorizon.jpg\",\"width\":146,\"height\":96,\"caption\":\"Id\\u00e9e Horizon\"},\"image\":{\"@id\":\"https:\/\/ideehorizon.fr\/#logo\"}},{\"@type\":\"WebSite\",\"@id\":\"https:\/\/ideehorizon.fr\/#website\",\"url\":\"https:\/\/ideehorizon.fr\/\",\"name\":\"Des id\\u00e9es pour l&#039;horizon\",\"description\":\"Imaginons un futur souhaitable\",\"publisher\":{\"@id\":\"https:\/\/ideehorizon.fr\/#organization\"},\"potentialAction\":[{\"@type\":\"SearchAction\",\"target\":{\"@type\":\"EntryPoint\",\"urlTemplate\":\"https:\/\/ideehorizon.fr\/?s={search_term_string}\"},\"query-input\":\"required name=search_term_string\"}],\"inLanguage\":\"fr-FR\"},{\"@type\":\"WebPage\",\"@id\":\"http:\/\/ideehorizon.fr\/index.php\/a-propos\/#webpage\",\"url\":\"http:\/\/ideehorizon.fr\/index.php\/a-propos\/\",\"name\":\"A propos - Des id\\u00e9es pour l&#039;horizon\",\"isPartOf\":{\"@id\":\"https:\/\/ideehorizon.fr\/#website\"},\"datePublished\":\"2019-11-07T10:38:49+00:00\",\"dateModified\":\"2019-12-11T13:42:24+00:00\",\"breadcrumb\":{\"@id\":\"http:\/\/ideehorizon.fr\/index.php\/a-propos\/#breadcrumb\"},\"inLanguage\":\"fr-FR\",\"potentialAction\":[{\"@type\":\"ReadAction\",\"target\":[\"http:\/\/ideehorizon.fr\/index.php\/a-propos\/\"]}]},{\"@type\":\"BreadcrumbList\",\"@id\":\"http:\/\/ideehorizon.fr\/index.php\/a-propos\/#breadcrumb\",\"itemListElement\":[{\"@type\":\"ListItem\",\"position\":1,\"name\":\"Accueil\",\"item\":\"https:\/\/ideehorizon.fr\/\"},{\"@type\":\"ListItem\",\"position\":2,\"name\":\"A propos\"}]}]}<\/script>\n<!-- \/ Yoast SEO plugin. -->","yoast_head_json":{"title":"A propos - Des id\u00e9es pour l&#039;horizon","robots":{"index":"index","follow":"follow","max-snippet":"max-snippet:-1","max-image-preview":"max-image-preview:large","max-video-preview":"max-video-preview:-1"},"canonical":"http:\/\/ideehorizon.fr\/index.php\/a-propos\/","og_locale":"fr_FR","og_type":"article","og_title":"A propos - Des id\u00e9es pour l&#039;horizon","og_description":"L&#8217;horizon est la ligne vers laquelle nous nous dirigeons lorsque nous partons en mer. Elle tient en elle une part","og_url":"http:\/\/ideehorizon.fr\/index.php\/a-propos\/","og_site_name":"Des id\u00e9es pour l&#039;horizon","article_modified_time":"2019-12-11T13:42:24+00:00","twitter_card":"summary_large_image","twitter_misc":{"Dur\u00e9e de lecture est.":"1 minute"},"schema":{"@context":"https:\/\/schema.org","@graph":[{"@type":"Organization","@id":"https:\/\/ideehorizon.fr\/#organization","name":"Id\u00e9e Horizon","url":"https:\/\/ideehorizon.fr\/","sameAs":[],"logo":{"@type":"ImageObject","@id":"https:\/\/ideehorizon.fr\/#logo","inLanguage":"fr-FR","url":"http:\/\/ideehorizon.fr\/wp-content\/uploads\/2020\/07\/Logo-IdeeHorizon.jpg","contentUrl":"http:\/\/ideehorizon.fr\/wp-content\/uploads\/2020\/07\/Logo-IdeeHorizon.jpg","width":146,"height":96,"caption":"Id\u00e9e Horizon"},"image":{"@id":"https:\/\/ideehorizon.fr\/#logo"}},{"@type":"WebSite","@id":"https:\/\/ideehorizon.fr\/#website","url":"https:\/\/ideehorizon.fr\/","name":"Des id\u00e9es pour l&#039;horizon","description":"Imaginons un futur souhaitable","publisher":{"@id":"https:\/\/ideehorizon.fr\/#organization"},"potentialAction":[{"@type":"SearchAction","target":{"@type":"EntryPoint","urlTemplate":"https:\/\/ideehorizon.fr\/?s={search_term_string}"},"query-input":"required name=search_term_string"}],"inLanguage":"fr-FR"},{"@type":"WebPage","@id":"http:\/\/ideehorizon.fr\/index.php\/a-propos\/#webpage","url":"http:\/\/ideehorizon.fr\/index.php\/a-propos\/","name":"A propos - Des id\u00e9es pour l&#039;horizon","isPartOf":{"@id":"https:\/\/ideehorizon.fr\/#website"},"datePublished":"2019-11-07T10:38:49+00:00","dateModified":"2019-12-11T13:42:24+00:00","breadcrumb":{"@id":"http:\/\/ideehorizon.fr\/index.php\/a-propos\/#breadcrumb"},"inLanguage":"fr-FR","potentialAction":[{"@type":"ReadAction","target":["http:\/\/ideehorizon.fr\/index.php\/a-propos\/"]}]},{"@type":"BreadcrumbList","@id":"http:\/\/ideehorizon.fr\/index.php\/a-propos\/#breadcrumb","itemListElement":[{"@type":"ListItem","position":1,"name":"Accueil","item":"https:\/\/ideehorizon.fr\/"},{"@type":"ListItem","position":2,"name":"A propos"}]}]}},"coauthors":[],"author_meta":{"author_link":"https:\/\/ideehorizon.fr\/index.php\/author\/admin1885\/","display_name":"Jerome"},"relative_dates":{"created":"Posted 6 ans ago","modified":"Updated 6 ans ago"},"absolute_dates":{"created":"Posted on 07\/11\/2019","modified":"Updated on 11\/12\/2019"},"absolute_dates_time":{"created":"Posted on 07\/11\/2019 11:38","modified":"Updated on 11\/12\/2019 14:42"},"featured_img_caption":"","featured_img":false,"uagb_featured_image_src":{"full":false,"thumbnail":false,"medium":false,"medium_large":false,"large":false,"1536x1536":false,"2048x2048":false,"post-thumbnail":false,"wellington-slider-image":false,"wellington-thumbnail-small":false,"wellington-thumbnail-medium":false,"wellington-thumbnail-large":false,"mailpoet_newsletter_max":false},"uagb_author_info":{"display_name":"Jerome","author_link":"https:\/\/ideehorizon.fr\/index.php\/author\/admin1885\/"},"uagb_comment_info":0,"uagb_excerpt":"L&#8217;horizon est la ligne vers laquelle nous nous dirigeons lorsque nous partons en mer. Elle tient en elle une part","_links":{"self":[{"href":"https:\/\/ideehorizon.fr\/index.php\/wp-json\/wp\/v2\/pages\/10"}],"collection":[{"href":"https:\/\/ideehorizon.fr\/index.php\/wp-json\/wp\/v2\/pages"}],"about":[{"href":"https:\/\/ideehorizon.fr\/index.php\/wp-json\/wp\/v2\/types\/page"}],"author":[{"embeddable":true,"href":"https:\/\/ideehorizon.fr\/index.php\/wp-json\/wp\/v2\/users\/1"}],"replies":[{"embeddable":true,"href":"https:\/\/ideehorizon.fr\/index.php\/wp-json\/wp\/v2\/comments?post=10"}],"version-history":[{"count":5,"href":"https:\/\/ideehorizon.fr\/index.php\/wp-json\/wp\/v2\/pages\/10\/revisions"}],"predecessor-version":[{"id":139,"href":"https:\/\/ideehorizon.fr\/index.php\/wp-json\/wp\/v2\/pages\/10\/revisions\/139"}],"wp:attachment":[{"href":"https:\/\/ideehorizon.fr\/index.php\/wp-json\/wp\/v2\/media?parent=10"}],"curies":[{"name":"wp","href":"https:\/\/api.w.org\/{rel}","templated":true}]}}

<p>L&#8217;horizon est la ligne vers laquelle nous nous dirigeons lorsque nous partons en mer. Elle tient en elle une part d&#8217;inconnue potentiellement intimidante mais que nous souhaitons découvrir. D&#8217;un point de vue temporel, l&#8217;horizon est aussi notre avenir avec également sa part d&#8217;inconnue.</p>



<p>L&#8217;humanité est entrée dans une phase de transition imposée par des évolutions sociétales, tels que la globalisation de l&#8217;économie et la transformation engendrée par les outils numériques, mais également par les contraintes nouvelles que sont le changement climatique, l&#8217;effondrement de la biodiversité, et l&#8217;explosion des pollutions.</p>



<p>Cette phase de transition présente de grandes incertitudes parce qu&#8217;elle remet en cause plusieurs fondements de nos sociétés, particulièrement dans nos sociétés occidentales.</p>



<p>Avec le site des Idées pour l&#8217;Horizon, je souhaite partager mes réflexions et idées sur l&#8217;avenir de notre société en prenant en compte l&#8217;ensemble des transformations et contraintes que nous observons dès aujourd&#8217;hui et qui vont s&#8217;amplifier rapidement. Il nous faut dès à présent réfléchir à la société dans laquelle nous souhaitons vivre prenant en compte les relations humaines et notre rapport à l&#8217;environnement. Les articles peuvent couvrir aussi bien un sujet de fond prospectif qu&#8217;une actualité significative dans ce cadre de réflexion sur l&#8217;avenir souhaitable.</p>



<p>Etant un fervent adepte de l&#8217;intelligence collective, j&#8217;espère que rapidement je pourrais amener d&#8217;autres personnes à contribuer à cette réflexion sur ce même site.</p>



<p>Jerome Cuny</p>



<p class="has-small-font-size"><strong>Crédit</strong>: <em>L&#8217;image présenté dans l&#8217;entête de ce site est le travail de <a href="https://www.flickr.com/photos/126654539@N08/36604260101/">Phil Dolby (Strumble Head Lighthouse, Pembrokeshire, Wales, UK)</a>. L&#8217;image a été inversée horizontalement et rognée de à chaque extrémité horizontale. Cette image est utilisée selon les droits d&#8217;utilisation Creative Commons (<a href="https://creativecommons.org/licenses/by/2.0/">CC BY 2.0</a>).</em></p>



<p> </p>



<p></p>

<!-- This site is optimized with the Yoast SEO plugin v17.5 - https://yoast.com/wordpress/plugins/seo/ -->
<title>A propos - Des idées pour l&#039;horizon</title>
<meta name="robots" content="index, follow, max-snippet:-1, max-image-preview:large, max-video-preview:-1" />
<link rel="canonical" href="http://ideehorizon.fr/index.php/a-propos/" />
<meta property="og:locale" content="fr_FR" />
<meta property="og:type" content="article" />
<meta property="og:title" content="A propos - Des idées pour l&#039;horizon" />
<meta property="og:description" content="L&#8217;horizon est la ligne vers laquelle nous nous dirigeons lorsque nous partons en mer. Elle tient en elle une part" />
<meta property="og:url" content="http://ideehorizon.fr/index.php/a-propos/" />
<meta property="og:site_name" content="Des idées pour l&#039;horizon" />
<meta property="article:modified_time" content="2019-12-11T13:42:24+00:00" />
<meta name="twitter:card" content="summary_large_image" />
<meta name="twitter:label1" content="Durée de lecture est." />
	<meta name="twitter:data1" content="1 minute" />
<script type="application/ld+json" class="yoast-schema-graph">{"@context":"https://schema.org","@graph":[{"@type":"Organization","@id":"https://ideehorizon.fr/#organization","name":"Id\u00e9e Horizon","url":"https://ideehorizon.fr/","sameAs":[],"logo":{"@type":"ImageObject","@id":"https://ideehorizon.fr/#logo","inLanguage":"fr-FR","url":"http://ideehorizon.fr/wp-content/uploads/2020/07/Logo-IdeeHorizon.jpg","contentUrl":"http://ideehorizon.fr/wp-content/uploads/2020/07/Logo-IdeeHorizon.jpg","width":146,"height":96,"caption":"Id\u00e9e Horizon"},"image":{"@id":"https://ideehorizon.fr/#logo"}},{"@type":"WebSite","@id":"https://ideehorizon.fr/#website","url":"https://ideehorizon.fr/","name":"Des id\u00e9es pour l&#039;horizon","description":"Imaginons un futur souhaitable","publisher":{"@id":"https://ideehorizon.fr/#organization"},"potentialAction":[{"@type":"SearchAction","target":{"@type":"EntryPoint","urlTemplate":"https://ideehorizon.fr/?s={search_term_string}"},"query-input":"required name=search_term_string"}],"inLanguage":"fr-FR"},{"@type":"WebPage","@id":"http://ideehorizon.fr/index.php/a-propos/#webpage","url":"http://ideehorizon.fr/index.php/a-propos/","name":"A propos - Des id\u00e9es pour l&#039;horizon","isPartOf":{"@id":"https://ideehorizon.fr/#website"},"datePublished":"2019-11-07T10:38:49+00:00","dateModified":"2019-12-11T13:42:24+00:00","breadcrumb":{"@id":"http://ideehorizon.fr/index.php/a-propos/#breadcrumb"},"inLanguage":"fr-FR","potentialAction":[{"@type":"ReadAction","target":["http://ideehorizon.fr/index.php/a-propos/"]}]},{"@type":"BreadcrumbList","@id":"http://ideehorizon.fr/index.php/a-propos/#breadcrumb","itemListElement":[{"@type":"ListItem","position":1,"name":"Accueil","item":"https://ideehorizon.fr/"},{"@type":"ListItem","position":2,"name":"A propos"}]}]}</script>
<!-- / Yoast SEO plugin. -->

A propos - Des idées pour l&#039;horizon

Des idées pour l&#039;horizon

Idée Horizon
